, what is -11 + -1032?
-1103
In base 9, what is 512 + 11?
523
In base 9, what is 2 + 123?
125
In base 12, what is 6a - 23?
47
In base 5, what is 4 - -4240?
4244
In base 12, what is 0 + -46?
-46
In base 12, what is 4 - 646?
-642
In base 2, what is 100010 - 10101?
1101
In base 7, what is 1 - 366?
-365
In base 11, what is 1 + 1067?
1068
In base 4, what is 231312 + 0?
231312
In base 10, what is -2 - -85?
83
In base 6, what is 3 + -42453?
-42450
In base 10, what is 5 + 555?
560
In base 5, what is 4212 + 23?
4240
In base 6, what is 112102 - -3?
112105
In base 2, what is 10101111 - -10?
10110001
In base 11, what is 4 + -6a?
-66
In base 2, what is 1011000011011 - -100?
1011000011111
In base 3, what is 10 - -10010202?
10010212
In base 15, what is 32 - 3b?
-9
In base 5, what is 232 + 4?
241
In base 9, what is 68 + 5?
74
In base 15, what is -2 + -453?
-455
In base 6, what is 5 - -44?
53
In base 2, what is -10111000001 + -1?
-10111000010
In base 13, what is -10 + 812?
802
In base 10, what is -1433 - 3?
-1436
In base 11, what is 5a + 16?
75
In base 11, what is 3 - -1?
4
In base 7, what is 40 - -2220?
2260
In base 2, what is 1 + 10010111011?
10010111100
In base 6, what is -45 + -10?
-55
In base 8, what is 14 - -404?
420
In base 9, what is -662 + -5?
-667
In base 8, what is 12 - -45?
57
In base 6, what is 5 + 1301?
1310
In base 15, what is -2 - -1e?
1c
In base 8, what is -13 - 376?
-411
In base 11, what is -191 + 2?
-18a
In base 13, what is -1b + 395?
377
In base 9, what is -12 - -3?
-8
In base 5, what is -12 - 4?
-21
In base 5, what is 240 + -104?
131
In base 2, what is 1 + -100100111?
-100100110
In base 2, what is -10 + 110110?
110100
In base 4, what is -321 - 0?
-321
In base 15, what is -3be + -5?
-3c4
In base 16, what is 3d7 - -3?
3da
In base 6, what is -1031 - -1?
-1030
In base 3, what is -2220102 + 2?
-2220100
In base 4, what is -11 - 1123?
-1200
In base 16, what is -4 + -17?
-1b
In base 6, what is 0 + -5202?
-5202
In base 10, what is 9 - 6?
3
In base 11, what is 0 - 34?
-34
In base 5, what is -33 + 4?
-24
In base 9, what is -65 - 4?
-70
In base 8, what is 16 + -6?
10
In base 3, what is -2 + -1112?
-1121
In base 12, what is -6a + b?
-5b
In base 14, what is 402b + -1?
402a
In base 4, what is 11103 + 31?
11200
In base 3, what is -21 - -101?
10
In base 4, what is 101 - 20?
21
In base 13, what is 4a3 + 5?
4a8
In base 4, what is -221 + -13?
-300
In base 15, what is -1 + 1c2?
1c1
In base 7, what is 3366 - 3?
3363
In base 11, what is -2 + 544?
542
In base 3, what is -221102122 + -11?
-221102210
In base 4, what is -13 - 133?
-212
In base 13, what is 3b9 - -2?
3bb
In base 9, what is -1382 - 5?
-1387
In base 12, what is 8197 - -4?
819b
In base 13, what is -18b + 0?
-18b
In base 13, what is 0 - -49?
49
In base 3, what is 1 + 2210212?
2210220
In base 11, what is -40 - 3?
-43
In base 4, what is -10 - -200?
130
In base 7, what is -1023 - -3?
-1020
In base 2, what is 100 + -1100000?
-1011100
In base 9, what is -6 - 103?
-110
In base 13, what is -a4 - 5?
-a9
In base 7, what is 4103 + -4?
4066
In base 5, what is -33032 - -1?
-33031
In base 5, what is 10 - 3141?
-3131
In base 3, what is 2200 - -11?
2211
In base 8, what is -306 + 6?
-300
In base 5, what is 23312 + -1?
23311
In base 4, what is -2 + -33111?
-33113
In base 3, what is 20 + -120?
-100
In base 11, what is -4 + 23a?
236
In base 4, what is 1 - -1000?
1001
In base 3, what is -202 + 1010?
101
In base 9, what is 381 - -3?
384
In base 15, what is -365 - -4?
-361
In base 2, what is 1100 + -101011110?
-101010010
In base 5, what is 133 + -40?
43
In base 13, what is -7 + -78?
-82
In base 12, what is -2a - -4?
-26
In base 8, what is 4 - 1102?
-1076
In base 12, what is 91 + 9?
9a
In base 16, what is -3b + 1a?
-21
In base 10, what is -5 + 2952?
2947
In base 13, what is -4 - -294?
290
In base 15, what is 5 + 15?
1a
In base 9, what is 4736 + -4?
4732
In base 7, what is -3 - -1125?
1122
In base 13, what is 5 - 323?
-31b
In base 11, what is -16 + 2?
-14
In base 15, what is -d - 1?
-e
In base 10, what is -1 + 1131?
1130
In base 4, what is -100 + -123?
-223
In base 12, what is 5 + 23?
28
In base 3, what is 1 - -1211211?
1211212
In base 4, what is -13331 + 2?
-13323
In base 12, what is -b + -120?
-12b
In base 5, what is -11 + -2021?
-2032
In base 4, what is -2300 + 10?
-2230
In base 16, what is 6b - 1?
6a
In base 5, what is 4 - 23000?
-22441
In base 8, what is -54 - -2?
-52
In base 16, what is 7 + 0?
7
In base 10, what is 0 - -1090?
1090
In base 8, what is -117 + 20?
-77
In base 8, what is 4 - 4234?
-4230
In base 12, what is -2256 + -2?
-2258
In base 5, what is 4 - -420?
424
In base 6, what is 1521 - 5?
1512
In base 8, what is -47 - -5?
-42
In base 5, what is 2 + -34311?
-34304
In base 12, what is -1 + -896?
-897
In base 10, what is 5 + 15?
20
In base 2, what is -1000010 + -10?
-1000100
In base 14, what is -1 + 296?
295
In base 13, what is ab6 - -4?
aba
In base 9, what is 2 + 64?
66
In base 10, what is -11 - 6?
-17
In base 16, what is 5 + -cf?
-ca
In base 7, what is -611 + 15?
-563
In base 4, what is 2 + -1300013?
-1300011
In base 16, what is -5 + -c8?
-cd
In base 13, what is 3 + -231?
-22b
In base 12, what is 20 + 1?
21
In base 6, what is -233 - -1?
-232
In base 7, what is 43 - -3?
46
In base 9, what is 143 - 6?
136
In base 16, what is 133 - -1a?
14d
In base 3, what is -22 + -10001?
-10100
In base 4, what is -300 + 11?
-223
In base 5, what is 44000 + 10?
44010
In base 14, what is -263 - -5?
-25c
In base 8, what is -4114 - -13?
-4101
In base 14, what is 61 + -37?
28
In base 16, what is -5 + -108?
-10d
In base 14, what is -1a + -ba?
-d6
In base 2, what is 100 + 100?
1000
In base 2, what is 11110001 - 100?
11101101
In base 13, what is -5 + 1806?
1801
In base 7, what is -661 + 2?
-656
In base 5, what is 322 - 3?
314
In base 14, what is -4 - -839?
835
In base 5, what is -10 + 201?
141
In base 8, what is -1250 + -67?
-1337
In base 14, what is -7 - -8?
1
In base 6, what is 2420 - 3?
2413
In base 2, what is -1000011001 + 1?
-1000011000
In base 3, what is -2022 + 22?
-2000
In base 9, what is -4378 - -4?
-4374
In base 7, what is 26 - 11?
15
In base 15, what is -1 + 171?
170
In base 15, what is -1 + d?
c
In base 7, what is 206 + -10?
166
In base 4, what is -310 - 20?
-330
In base 12, what is -5 + -12?
-17
In base 11, what is 13 + 48?
60
In base 14, what is a8 - 5?
a3
In base 12, what is -5 - 12a1?
-12a6
In base 4, what is 3203 + 3?
3212
In base 11, what is -4 + -611?
-615
In base 4, what is 11 - 3200?
-3123
In base 10, what is 1676 - -2?
1678
In base 9, what is -3 - 226?
-230
In base 8, what is -4 + -5?
-11
In base 14, what is 97 - 9?
8c
In base 10, what is 5 + 15?
20
In base 2, what is 100110 + -100000?
110
In base 15, what is -bc1 - 4?
-bc5
In base 12, what is 3179 + 1?
317a
In base 13, what is -2b - 0?
-2b
In base 2, what is -100001101 + -10?
-100001111
In base 5, what is -33214 - 22?
-33241
In base 4, what is 0 + -130111?
-130111
In base 10, what is -8 - 9?
-17
In base 16, what is -5 - -640?
63b
In base 10, what is -14 - -44?
30
In base 5, what is -4 - -10011?
10002
In base 8, what is -22673 - 3?
-22676
In base 2, what is 111 - 11?
100
In base 4, what is -1112 - 0?
-1112
In base 6, what is -14 + 103?
45
In base 11, what is 700 + -4?
6a7
In base 8, what is 4 - 7?
-3
In base 8, what is -44 + -1122?
-1166
In base 4, what is -10 - -2110?
2100
In base 12, what is 13 + -1?
12
In base 9, what is 5 + -173?
-167
In base 16, what is 0 + -25?
-25
In base 15, what is -34e4 - -1?
-34e3
In base 8, what is 5741 + -5?
5734
In base 13, what is 11b - -4?
122
In base 5, what is 0 + 20334?
20334
In base 16, what is 12e - -2?
130
In base 16, what is 1fbc - 1?
1fbb
In base 8, what is 1 - 6?
-5
In base 15, what is 1 - e3?
-e2
In base 15, what is -36 + -7?
-3d
In base 14, what is 5 + 111?
116
In base 3, what is 10 + 102200?
102210
In base 4, what is 2 + -3021?
-3013
In base 14, what is 0 + 2dd2?
2dd2
In base 2, what is 0 + 1001010100?
1001010100
In base 16, what is -32 - -19?
-19
In base 14, what is 0 + 111d?
111d
In base 16, what is 45 + -4?
41
In base 4, what is 110 - 103230?
-103120
In base 11, what is 2 + -3a5?
-3a3
In base 7, what is -44 - 425?
-502
In base 4, what is 1111220 + -11?
1111203
In base 15, what is -2686 - 4?
-268a
In base 15, what is 5 